- 2*d = 3*o + 520, 4*o + w = 4*d. What is the tens digit of 1*(-2)/(4/o)?
6
Suppose 7262 + 1114 = 2*a + m, 2*m = -3*a + 12562. What is the hundreds digit of a?
1
Let y(s) = 10*s**3 - 3*s + 7. Let t be (-49)/98 - (1 - (-9)/(-2)). What is the hundreds digit of y(t)?
2
Suppose -29*p + 37*p - 54456 = 0. What is the thousands digit of p?
6
Suppose 2*b = 4*b + a - 5, 4*b - 5 = 3*a. Suppose 2*c = -2*c - b*j - 18, 0 = 5*c - 5*j. Let k(l) = -14*l - 6. What is the units digit of k(c)?
6
Let d(f) = -2*f - 42. Let p be d(-27). Suppose p*t - 15402 = 6582. What is the hundreds digit of t?
8
Suppose 764910 = 25*f + 20*f. What is the ten thousands digit of f?
1
What is the units digit of 6 + (-65)/5 - -565*13?
8
Let q(g) = g**3 + 3*g**2 - 2*g + 1. Let p be q(-3). Suppose -p*o + 8*o - 244 = 0. Suppose h + 3*h = 3*s - o, -3*s - 2*h + 238 = 0. What is the tens digit of s?
8
Let h = -4939 + 63270. What is the units digit of h?
1
Let t be (100/(-6))/((-21)/(-252)). Let n = 494 + t. What is the tens digit of n?
9
Let i be (0 - (-3)/2)*12. Let x = -68 - i. Let z = x - -131. What is the units digit of z?
5
Let k(b) = 378*b + 92. Let s be k(8). Suppose 10*i - 14*i - 4*n = -s, -4 = n. What is the tens digit of i?
8
Suppose 33*c = 29089 + 9554. Suppose -3*v - f = -c - 2643, 0 = -3*f + 12. What is the units digit of v?
0
Let a(c) = c**3 + 6*c**2 + 3*c - 16. Let k be a(-5). Let d = k - -11. What is the tens digit of 257 + (10 - d) - 5?
5
Let n(t) = -t**3 + 10*t**2 - 6. Let p be n(9). Suppose -2*r = 3*r - p. Let w = 18 - r. What is the units digit of w?
3
Suppose 2*w - 1 = -d - 0, 3*w = -12. Suppose 2*o + 3 = d. Suppose 0*i + 105 = o*i. What is the units digit of i?
5
Let j be ((-55)/(-22))/(1/2). Suppose -3*c + 262 = 5*s, -j*c - 5*s = -0*s - 440. Suppose -202 = -3*i + c. What is the tens digit of i?
9
Suppose -6600 = -22*j + 6380. What is the hundreds digit of j?
5
Suppose -6*q - 21469 - 97867 = -20*q. What is the tens digit of q?
2
Let x be (19/4 - 0) + (-10)/(-40). Let y(h) = 3*h - 13. Let w be y(x). What is the hundreds digit of 2/(-8)*w - 414/(-4)?
1
Let z(i) = 3*i**3 - 3*i**2 + 3*i - 4. Let g be z(2). Let p(d) be the third derivative of d**5/60 - d**4/3 - 13*d**3/6 + 4*d**2. What is the units digit of p(g)?
1
Suppose 5*b = 3*r + 83261, 5*b - 71240 = 2*r + 12029. What is the hundreds digit of b?
6
Let a be -2*(-5710)/(-4)*(-24)/60. Let k = a + -15. What is the thousands digit of k?
1
Let v = -7210 + 22989. What is the thousands digit of v?
5
Suppose -2*f - 8 = -12. Let z(v) = 23*v - 2 + f + 13 + 2*v. What is the tens digit of z(2)?
6
Let w be (0 + -2 - (2 + 5))*19. Let g = w - -187. What is the units digit of g?
6
Let b(u) = 45*u - 149. Let s be b(9). Let j = 523 - s. What is the units digit of j?
7
Suppose -3*s - 130 = 5*m, s + 61 = -4*m + 20. What is the hundreds digit of (-3 - 0)*(-5)/s*-3387?
1
Let a be (20/(-35) - (-22)/14)/1. Let w be ((2 - 3) + 7)/(a/4). Let d = 258 - w. What is the hundreds digit of d?
2
Let j = 16000 + -6222. What is the thousands digit of j?
9
Suppose 1113*t + 80996 = 1116*t - 5*j, 3*t - 80992 = j. What is the thousands digit of t?
6
Let n be -2*((-1)/(-2) + -4). Suppose -n = -4*w + 1. Suppose 3*m - 75 = -5*d + w*d, -73 = -3*d - 4*m. What is the units digit of d?
7
Let s(j) = j**3 - 10*j**2 + 22*j - 2. Suppose -26 - 24 = -5*d. What is the tens digit of s(d)?
1
Let i(w) = 2*w**2 + 5*w + 11. Let r be i(-8). Suppose d = r + 134. Let b = 348 - d. What is the tens digit of b?
1
Let d be 40/(-6)*21/14. Let j be (d/15*75)/(-1). Suppose 5*v - 4*v = j. What is the units digit of v?
0
Let y(p) = 4*p**2 + 5*p - 61. Suppose -b = -u - 5 - 4, -2*b + 24 = 4*u. What is the units digit of y(b)?
9
Let u = 6524 + -2002. What is the thousands digit of u?
4
Suppose 0 = 3*g - 27275 - 886. What is the units digit of g?
7
Let v = 5707 + -341. Suppose v = 18*x + 128. What is the hundreds digit of x?
2
Let s(c) = -316*c + 85. What is the tens digit of s(-9)?
2
Let g(o) = 4 + 0*o + o**2 + 238 + 3*o + 84. What is the tens digit of g(0)?
2
Let o(j) = j**3 + j**2 - 13*j - 17. Let d be o(-3). Suppose 5*i - 2*t + 0*t - 125 = 0, d*i - t = 100. What is the tens digit of i?
2
Suppose 0 = 4*v + 2*n - 376, -2*v - n = -6*n - 188. Let u = v + -19. What is the units digit of ((-132)/10)/(5/u*-2)?
9
Suppose 0 = -3*d + 14 + 16. Suppose -d*k = -21*k - 33. What is the tens digit of (0 - (-57)/(-9))*k?
1
Suppose -19 = -3*o - 4*g - 1, 0 = -2*o - g + 17. Suppose o*y = 7*y + 2*j + 3667, -2*j - 1221 = -y. What is the tens digit of y?
2
Suppose -33850 = -l - 3*a, -2*l + 22*a + 67730 = 23*a. What is the thousands digit of l?
3
Suppose 41*j - 28965 = 9411. Suppose i + 30 = 6*i. Suppose -72 + j = i*t. What is the units digit of t?
4
Suppose -7*c = -93 - 341. Let w = 84 - c. What is the units digit of (-3)/9 - (-164)/24*w?
0
Let x(n) = 1395*n + 20. Let q be x(5). What is the units digit of q/15 - 4/(-6)?
7
Let f(d) = -d**3 - 6*d**2 + 4*d - 5. Let q be f(-7). Let r = 37 - q. What is the tens digit of (-6)/r - (-3101)/49?
6
Let m(c) = 10*c + 0 - 22*c - 8 + 25*c**3 + 5*c**3 + 9 + 8*c**2. What is the units digit of m(3)?
7
Suppose 0 = 4*d + 4*j, -d + 2*d + 2*j + 2 = 0. Let p be d/(-10) + (-64)/(-20). Suppose -3*i - 2*i - 4*u = -298, -301 = -5*i - p*u. What is the units digit of i?
2
Let x = 1325 + -711. Let u = x + -476. What is the tens digit of u?
3
Let x = -66 - -77. Suppose 3*m - 3*n - 33 = 0, m + 3*n - x = -0*m. What is the tens digit of (-352)/16*m/(-2)?
2
Let z = 29 - 29. Let l be (z + (2 - -1))/((-9)/(-600)). Let a = l - -37. What is the tens digit of a?
3
Suppose -56 = y + y + 2*r, -2*r - 104 = 4*y. Let j be (66/y - -5)/((-2)/(-8)). Let s = 116 - j. What is the tens digit of s?
0
Let a(y) = 910*y**2 + 743*y - 5191. What is the hundreds digit of a(7)?
6
Let y = -8411 - -21595. What is the thousands digit of y?
3
Let t(z) = -z**3 + 33*z**2 + 36*z + 20. Let o be t(34). Let j = o - 79. What is the units digit of j?
9
Let r = 75 + -72. Suppose -r*w + 57 = 6. Suppose -w*s + 2368 = -s. What is the hundreds digit of s?
1
Let d = 8824 + -1161. What is the units digit of d?
3
Let v(u) = 134*u**2 + u - 6. Let c be v(3). Suppose -2*k = 3*k - 20, -3*x + 3*k = -c. What is the hundreds digit of x?
4
Let p = 255 + -371. Suppose -k - 5*i - 72 = -73, k - 1 = 2*i. Let l = k - p. What is the hundreds digit of l?
1
Let q be -6 - ((-2)/1 + -1). Let i be q*(-3 - (-5 - -3)). Suppose i*j - 56 = 73. What is the units digit of j?
3
Let o = 70 - 66. Let r be 54*((-3)/6 + 2). Suppose o*g - r = g. What is the tens digit of g?
2
What is the hundreds digit of 66/660 + 79/10 + 3639?
6
Let y be (8 + -5)*((1 - 0) + 22). Let b = 85 - y. What is the tens digit of b?
1
Let l(k) = -1264*k + 16. Let b be l(-3). Suppose 33*a = -a + b. What is the units digit of a?
2
Suppose r - 766 = -r + 3*q, -764 = -2*r + 2*q. Let z = r + -171. What is the tens digit of z?
0
Let d be ((-24)/(-18))/(6/9). Let v be 8/(-8)*(d + -4). Suppose -r + 3 = 5*h - 12, -4*h = v*r - 48. What is the units digit of r?
0
Let y(r) = 3*r**2 + 8*r - 12. Let w be y(-8). Suppose -5*t + 3*p = w, 5 = 4*p - 3. Let x = t + 148. What is the tens digit of x?
2
Suppose 2*d - 4*b = 900, -4*d + 8*b + 1791 = 3*b. Let g = d + -220. What is the hundreds digit of g?
2
Suppose -243 - 197 = 5*b. Let g = 90 + b. Suppose 0*z + 4*s - 438 = -g*z, -s - 204 = -z. What is the hundreds digit of z?
2
What is the ten thousands digit of (-277 + 40039)/(2/3)?
5
Suppose 18 = -5*d + 3. Let w be 1/(d - 10/(-4)). Let i = 9 + w. What is the units digit of i?
7
Let t be 22/9 + (-144)/324. What is the hundreds digit of (t/(-4)*3226)/(-1)?
6
What is the thousands digit of (((-5292)/15)/2)/(8358/700 + -12)?
2
Suppose -r - 23620 = -6*r + 5*o, -o - 9444 = -2*r. What is the units digit of r?
0
Let t(q) = -q**3 - 61*q**2 - 38*q + 348. What is the thousands digit of t(-61)?
2
Suppose 0 = j + 4*j - 855. Suppose -5*d = -4*k - 765, 78*k = -d + 73*k + 153. Suppose -3*f = -d - j. What is the hundreds digit of f?
1
Suppose 45 = 27*g - 90. Suppose 3*o - 1578 = -3*u, 0*o + 3*u + 2590 = g*o. What is the hundreds digit of o?
5
Suppose -4*n + 2*j - 53240 = -6*n, 8*n - 4*j = 213044. What is the hundreds digit of n?
6
Let y be 1/(-5)*1543 + 4/(-10). Let j = 341 + y. What is the tens digit of j?
3
Suppose -5*g + 2*